{"id":27,"date":"2024-07-29T00:33:59","date_gmt":"2024-07-29T00:33:59","guid":{"rendered":"https:\/\/lpcoctel.com\/?page_id=27"},"modified":"2025-12-16T15:33:34","modified_gmt":"2025-12-16T21:33:34","slug":"biografia","status":"publish","type":"page","link":"https:\/\/lpcoctel.com\/index.php\/biografia\/","title":{"rendered":"Biograf\u00eda"},"content":{"rendered":"\t\t<div data-elementor-type=\"wp-page\" data-elementor-id=\"27\" class=\"elementor elementor-27\" data-elementor-settings=\"{&quot;ha_cmc_init_switcher&quot;:&quot;no&quot;,&quot;element_pack_global_tooltip_width&quot;:{&quot;unit&quot;:&quot;px&quot;,&quot;size&quot;:&quot;&quot;,&quot;sizes&quot;:[]},&quot;element_pack_global_tooltip_width_tablet&quot;:{&quot;unit&quot;:&quot;px&quot;,&quot;size&quot;:&quot;&quot;,&quot;sizes&quot;:[]},&quot;element_pack_global_tooltip_width_mobile&quot;:{&quot;unit&quot;:&quot;px&quot;,&quot;size&quot;:&quot;&quot;,&quot;sizes&quot;:[]},&quot;element_pack_global_tooltip_padding&quot;:{&quot;unit&quot;:&quot;px&quot;,&quot;top&quot;:&quot;&quot;,&quot;right&quot;:&quot;&quot;,&quot;bottom&quot;:&quot;&quot;,&quot;left&quot;:&quot;&quot;,&quot;isLinked&quot;:true},&quot;element_pack_global_tooltip_padding_tablet&quot;:{&quot;unit&quot;:&quot;px&quot;,&quot;top&quot;:&quot;&quot;,&quot;right&quot;:&quot;&quot;,&quot;bottom&quot;:&quot;&quot;,&quot;left&quot;:&quot;&quot;,&quot;isLinked&quot;:true},&quot;element_pack_global_tooltip_padding_mobile&quot;:{&quot;unit&quot;:&quot;px&quot;,&quot;top&quot;:&quot;&quot;,&quot;right&quot;:&quot;&quot;,&quot;bottom&quot;:&quot;&quot;,&quot;left&quot;:&quot;&quot;,&quot;isLinked&quot;:true},&quot;element_pack_global_tooltip_border_radius&quot;:{&quot;unit&quot;:&quot;px&quot;,&quot;top&quot;:&quot;&quot;,&quot;right&quot;:&quot;&quot;,&quot;bottom&quot;:&quot;&quot;,&quot;left&quot;:&quot;&quot;,&quot;isLinked&quot;:true},&quot;element_pack_global_tooltip_border_radius_tablet&quot;:{&quot;unit&quot;:&quot;px&quot;,&quot;top&quot;:&quot;&quot;,&quot;right&quot;:&quot;&quot;,&quot;bottom&quot;:&quot;&quot;,&quot;left&quot;:&quot;&quot;,&quot;isLinked&quot;:true},&quot;element_pack_global_tooltip_border_radius_mobile&quot;:{&quot;unit&quot;:&quot;px&quot;,&quot;top&quot;:&quot;&quot;,&quot;right&quot;:&quot;&quot;,&quot;bottom&quot;:&quot;&quot;,&quot;left&quot;:&quot;&quot;,&quot;isLinked&quot;:true}}\" data-elementor-post-type=\"page\">\n\t\t\t\t<div data-particle_enable=\"false\" data-particle-mobile-disabled=\"false\" class=\"elementor-element elementor-element-0cff029 e-flex e-con-boxed e-con e-parent\" data-id=\"0cff029\" data-element_type=\"container\" data-settings=\"{&quot;jet_parallax_layout_list&quot;:[],&quot;_ha_eqh_enable&quot;:false}\">\n\t\t\t\t\t<div class=\"e-con-inner\">\n\t\t\t\t<div class=\"elementor-element elementor-element-b3cd6c8 elementor-widget-divider--view-line_text elementor-widget-divider--element-align-left elementor-widget elementor-widget-divider\" data-id=\"b3cd6c8\" data-element_type=\"widget\" data-widget_type=\"divider.default\">\n\t\t\t\t<div class=\"elementor-widget-container\">\n\t\t\t\t\t\t\t<div class=\"elementor-divider\">\n\t\t\t<span class=\"elementor-divider-separator\">\n\t\t\t\t\t\t\t<span class=\"elementor-divider__text elementor-divider__element\">\n\t\t\t\tL.P. Coctel\t\t\t\t<\/span>\n\t\t\t\t\t\t<\/span>\n\t\t<\/div>\n\t\t\t\t\t\t<\/div>\n\t\t\t\t<\/div>\n\t\t<div data-particle_enable=\"false\" data-particle-mobile-disabled=\"false\" class=\"elementor-element elementor-element-8a19789 e-con-full e-flex e-con e-child\" data-id=\"8a19789\" data-element_type=\"container\" data-settings=\"{&quot;jet_parallax_layout_list&quot;:[],&quot;_ha_eqh_enable&quot;:false}\">\n\t\t\t\t<div class=\"elementor-element elementor-element-d37b51c elementor-widget__width-initial elementor-widget-tablet__width-initial elementor-widget elementor-widget-text-editor\" data-id=\"d37b51c\" data-element_type=\"widget\" data-widget_type=\"text-editor.default\">\n\t\t\t\t<div class=\"elementor-widget-container\">\n\t\t\t\t\t\t\t\t\t<p class=\"p1\">En el a\u00f1o 2021 Riffuz Navarro, firma con Alternativa Representa y lanza su nuevo proyecto de estudio paralelo a su larga discograf\u00eda como solista, este es de covers y temas originales con un concepto totalmente novedoso llamado\u00a0<b><i>L.P. Coctel\u00a0<\/i><\/b>donde fusiona g\u00e9neros como el pop, funk, soft jazz y rock. En dicho proyecto han participado diferentes voces femeninas de gran talento y trayectoria musical independiente, as\u00ed como diversos bateristas y bajistas aportando su gran talento, vibras y experiencia. Con este proyecto se han lanzado nueve covers versionados de una forma muy original puesto que es una combinaci\u00f3n de m\u00fasica original con letras populares posicion\u00e1ndose como los favoritos los temas del <i>\u201cEl Jinete\u201d \u201cEl Reloj\u201d, Andar Conmigo\u201d<\/i> y <i>\u201cCruz de Olvido\u201d<\/i> teniendo una excelente recepci\u00f3n. Su EP <i>\u201cAc\u00fastico\u201d<\/i> llam\u00f3 mucho la atenci\u00f3n al incluir dos temas originales (<i>Tierra sin pasado &amp; Excuseme Mr. Polite<\/i>) generando una aceptaci\u00f3n muy amplia a los temas originales. El tema <i>\u201cAbre tu coraz\u00f3n\u201d<\/i> compuesto por Riffuz y Ana tambi\u00e9n ha generado una gran simpat\u00eda con los escuchas ya que combina elementos pop, funk y toques de big band, el tema <i>\u201cNi Pex\u201d<\/i> a conectado con nuevo p\u00fablico por su tem\u00e1tica actual sobre redes sociales y cuenta con el debut y colaboraci\u00f3n de Aria Navarro en la voz. El sencillo <i>\u201cBrindemos Amigos\u201d <\/i>se distingue por ser un tema con elementos de la m\u00fasica \u201cranchera\u201d, canci\u00f3n que evidentemente ha llamado mucho la atenci\u00f3n por tocar el tema d<i>e<\/i>l despecho al estilo de <i>la vieja escuela, <\/i>adem\u00e1s de ser inscrita a los Latin Grammys. Este a\u00f1o tambi\u00e9n se lanz\u00f3 el sencillo \u201cSimples frases\u201d y no pod\u00eda faltar el single navide\u00f1o antes de cerrar el a\u00f1o, una versi\u00f3n de la popular canci\u00f3n \u201cBlanca Navidad\u201d con un toque Jazz \/ Swing.<\/p>\t\t\t\t\t\t\t\t<\/div>\n\t\t\t\t<\/div>\n\t\t\t\t<div class=\"elementor-element elementor-element-95efa33 elementor-widget__width-initial elementor-widget-tablet__width-initial elementor-widget elementor-widget-image\" data-id=\"95efa33\" data-element_type=\"widget\" data-widget_type=\"image.default\">\n\t\t\t\t<div class=\"elementor-widget-container\">\n\t\t\t\t\t\t\t\t\t\t\t\t\t\t\t<img fetchpriority=\"high\" decoding=\"async\" width=\"683\" height=\"1024\" src=\"https:\/\/lpcoctel.com\/wp-content\/uploads\/2025\/01\/Biografia-683x1024.jpg\" class=\"attachment-large size-large wp-image-258\" alt=\"\" srcset=\"https:\/\/lpcoctel.com\/wp-content\/uploads\/2025\/01\/Biografia-683x1024.jpg 683w, https:\/\/lpcoctel.com\/wp-content\/uploads\/2025\/01\/Biografia-200x300.jpg 200w, https:\/\/lpcoctel.com\/wp-content\/uploads\/2025\/01\/Biografia-768x1152.jpg 768w, https:\/\/lpcoctel.com\/wp-content\/uploads\/2025\/01\/Biografia-1024x1536.jpg 1024w, https:\/\/lpcoctel.com\/wp-content\/uploads\/2025\/01\/Biografia-1365x2048.jpg 1365w, https:\/\/lpcoctel.com\/wp-content\/uploads\/2025\/01\/Biografia-scaled.jpg 1707w\" sizes=\"(max-width: 683px) 100vw, 683px\" \/>\t\t\t\t\t\t\t\t\t\t\t\t\t\t\t<\/div>\n\t\t\t\t<\/div>\n\t\t\t\t<\/div>\n\t\t\t\t\t<\/div>\n\t\t\t\t<\/div>\n\t\t<div data-particle_enable=\"false\" data-particle-mobile-disabled=\"false\" class=\"elementor-element elementor-element-0d3efac e-flex e-con-boxed e-con e-parent\" data-id=\"0d3efac\" data-element_type=\"container\" data-settings=\"{&quot;jet_parallax_layout_list&quot;:[],&quot;_ha_eqh_enable&quot;:false}\">\n\t\t\t\t\t<div class=\"e-con-inner\">\n\t\t\t\t<div class=\"elementor-element elementor-element-eb972ac elementor-widget__width-initial elementor-widget elementor-widget-image\" data-id=\"eb972ac\" data-element_type=\"widget\" data-widget_type=\"image.default\">\n\t\t\t\t<div class=\"elementor-widget-container\">\n\t\t\t\t\t\t\t\t\t\t\t\t\t\t\t<img decoding=\"async\" width=\"683\" height=\"1024\" src=\"https:\/\/lpcoctel.com\/wp-content\/uploads\/2025\/12\/Foto-seccion-Line-up-683x1024.jpg\" class=\"attachment-large size-large wp-image-329\" alt=\"\" srcset=\"https:\/\/lpcoctel.com\/wp-content\/uploads\/2025\/12\/Foto-seccion-Line-up-683x1024.jpg 683w, https:\/\/lpcoctel.com\/wp-content\/uploads\/2025\/12\/Foto-seccion-Line-up-200x300.jpg 200w, https:\/\/lpcoctel.com\/wp-content\/uploads\/2025\/12\/Foto-seccion-Line-up-768x1152.jpg 768w, https:\/\/lpcoctel.com\/wp-content\/uploads\/2025\/12\/Foto-seccion-Line-up-1024x1536.jpg 1024w, https:\/\/lpcoctel.com\/wp-content\/uploads\/2025\/12\/Foto-seccion-Line-up-1365x2048.jpg 1365w, https:\/\/lpcoctel.com\/wp-content\/uploads\/2025\/12\/Foto-seccion-Line-up-scaled.jpg 1707w\" sizes=\"(max-width: 683px) 100vw, 683px\" \/>\t\t\t\t\t\t\t\t\t\t\t\t\t\t\t<\/div>\n\t\t\t\t<\/div>\n\t\t\t\t<div class=\"elementor-element elementor-element-0c74bcb elementor-widget__width-initial elementor-widget elementor-widget-text-editor\" data-id=\"0c74bcb\" data-element_type=\"widget\" data-widget_type=\"text-editor.default\">\n\t\t\t\t<div class=\"elementor-widget-container\">\n\t\t\t\t\t\t\t\t\t<p><strong>Line up:<\/strong><\/p><p>Riffuz Navarro \u2013 Guitarra<br \/><br \/><\/p>\t\t\t\t\t\t\t\t<\/div>\n\t\t\t\t<\/div>\n\t\t\t\t<div class=\"elementor-element elementor-element-8d9bfd6 elementor-widget__width-initial elementor-widget elementor-widget-text-editor\" data-id=\"8d9bfd6\" data-element_type=\"widget\" data-widget_type=\"text-editor.default\">\n\t\t\t\t<div class=\"elementor-widget-container\">\n\t\t\t\t\t\t\t\t\t<p><b>Colaboraciones-M\u00fasicos:<\/b><\/p><p class=\"p1\">Gonzalo Delgado \u2013 Bater\u00eda<br \/>Daniel Talavera \u2013 Bater\u00eda &amp; Caj\u00f3n Flamenco<br \/>Servando Y\u00e1\u00f1ez \u2013 Bater\u00eda Programada<br \/>Edgar Figueroa \u2013 Bater\u00eda ac\u00fastica y bater\u00eda el\u00e9ctrica. <br \/>Luis M\u00e9ndez \u2013 Bajo\u2028Jos\u00e9 Melena \u2013 Bajo<br \/>Paulino Buenrostro \u2013 Bajo<br \/>Mart\u00edn Garc\u00eda \u2013 Bajo<br \/>Aria Navarro \u2013 Voz<br \/>Cecilia Garc\u00eda &#8211; Voz<br \/>Marian Arriagada \u2013 Voz<br \/>Ana Laura \u2013 Voz<\/p>\t\t\t\t\t\t\t\t<\/div>\n\t\t\t\t<\/div>\n\t\t\t\t\t<\/div>\n\t\t\t\t<\/div>\n\t\t<div data-particle_enable=\"false\" data-particle-mobile-disabled=\"false\" class=\"elementor-element elementor-element-42fb631 e-flex e-con-boxed e-con e-parent\" data-id=\"42fb631\" data-element_type=\"container\" data-settings=\"{&quot;jet_parallax_layout_list&quot;:[],&quot;_ha_eqh_enable&quot;:false}\">\n\t\t\t\t\t<div class=\"e-con-inner\">\n\t\t\t\t<div class=\"elementor-element elementor-element-e3d87fc elementor-widget-divider--view-line_text elementor-widget-divider--element-align-left elementor-widget elementor-widget-divider\" data-id=\"e3d87fc\" data-element_type=\"widget\" data-widget_type=\"divider.default\">\n\t\t\t\t<div class=\"elementor-widget-container\">\n\t\t\t\t\t\t\t<div class=\"elementor-divider\">\n\t\t\t<span class=\"elementor-divider-separator\">\n\t\t\t\t\t\t\t<span class=\"elementor-divider__text elementor-divider__element\">\n\t\t\t\tRIFFUZ\t\t\t\t<\/span>\n\t\t\t\t\t\t<\/span>\n\t\t<\/div>\n\t\t\t\t\t\t<\/div>\n\t\t\t\t<\/div>\n\t\t<div data-particle_enable=\"false\" data-particle-mobile-disabled=\"false\" class=\"elementor-element elementor-element-2f21297 e-con-full e-flex e-con e-child\" data-id=\"2f21297\" data-element_type=\"container\" data-settings=\"{&quot;jet_parallax_layout_list&quot;:[],&quot;_ha_eqh_enable&quot;:false}\">\n\t\t\t\t<div class=\"elementor-element elementor-element-00a9eb6 elementor-widget__width-initial elementor-widget elementor-widget-text-editor\" data-id=\"00a9eb6\" data-element_type=\"widget\" data-widget_type=\"text-editor.default\">\n\t\t\t\t<div class=\"elementor-widget-container\">\n\t\t\t\t\t\t\t\t\t<p class=\"p1\">Oriundo de la ciudad de Guadalajara, Jalisco comienza su carrera musical a los 7 a\u00f1os de edad, tocando \u00f3rgano el\u00e9ctrico y m\u00e1s tarde dar\u00eda dos recitales en su ciudad natal. Posteriormente estudiar\u00eda bater\u00eda 1 a\u00f1o y finalmente a sus 14 a\u00f1os comenzar\u00eda con la guitarra el\u00e9ctrica llev\u00e1ndolo a hacer una licenciatura en guitarra cl\u00e1sica en la U. De G. Su primer disco como Riffuz lo graba en el a\u00f1o 2007 llamado Inspiration of Crearion con el cual recibir\u00eda atenci\u00f3n internacional teniendo ventas en Jap\u00f3n, Estados Unidos y Argentina y llev\u00e1ndolo al NAMM show 2009 y 2010. Posteriormente editar\u00eda su segundo \u00e1lbum llamado Global Bait el cual adem\u00e1s de contar con distribuci\u00f3n nacional e internacional, ser\u00eda segundo mejor disco independiente de metal progresivo \u2013 Stoner en el a\u00f1o 2011 \u2013 2012 por debajo de \u00c1gora con su \u00e1lbum \u201cRegresa al v\u00e9rtigo\u201d y recibiendo rese\u00f1as positivas en Italia, Argentina, Inglaterra, Canad\u00e1, Jap\u00f3n y pa\u00edses de Sudam\u00e9rica. El single Devil\u00b4s Gambler seria inscrito a los Grammys y participar\u00eda para dos discos tributos uno de ellos tributo a Ozzy Osbourne con el tema \u201cSpiders in the night\u201d y el otro un tributo a Metallica con el tema \u201cSad but true\u201d, ambos con una disquera norte americana compartiendo cr\u00e9ditos con m\u00fasicos de Motley Crue, Ratt, Mr. Big entre otros.\u00a0\u00a0 Contin\u00faa su trayectoria y experimentaci\u00f3n musical con varios trabajos instrumentales y experimentando con g\u00e9neros como Avant garde, free jazz, world music, folk music, improvisaci\u00f3n, rock, entre otros estilos musicales e inspirado en discograf\u00eda de m\u00fasicos como John Zorn, Marc Ribot, Philip Glass, Cory Wong, Ornette Coleman, Munir Bashir, Rabih Abou-Khalil, David Fiuczynski y muchos m\u00e1s. Durante la pandemia lanzar\u00eda el sencillo \u201cKari\u00f1o\u201d en el cual colabor\u00f3 el baterista internacional Tony Mateos (Alejandro Sanz, Jarabe de Palo, entre otros). Riffuz en sus diferentes facetas ha tocado en foros en la ciudad de M\u00e9xico, Guadalajara, Toluca, Morelia, Guanajuato, asi como en festivales en estas ciudades llegando a compartir, escenario con artistas como Kalimba, Lidia \u00c1vila, Edith M\u00e1rquez, El TRI, Kenny y los el\u00e9ctricos entre otros.\u00a0<\/p>\t\t\t\t\t\t\t\t<\/div>\n\t\t\t\t<\/div>\n\t\t\t\t<\/div>\n\t\t<div data-particle_enable=\"false\" data-particle-mobile-disabled=\"false\" class=\"elementor-element elementor-element-53aa3be e-con-full e-flex e-con e-child\" data-id=\"53aa3be\" data-element_type=\"container\" data-settings=\"{&quot;jet_parallax_layout_list&quot;:[],&quot;_ha_eqh_enable&quot;:false}\">\n\t\t\t\t<div class=\"elementor-element elementor-element-7062403 elementor-widget__width-initial elementor-widget-mobile__width-initial elementor-widget elementor-widget-image\" data-id=\"7062403\" data-element_type=\"widget\" data-widget_type=\"image.default\">\n\t\t\t\t<div class=\"elementor-widget-container\">\n\t\t\t\t\t\t\t\t\t\t\t\t\t\t\t<img decoding=\"async\" width=\"768\" height=\"1152\" src=\"https:\/\/lpcoctel.com\/wp-content\/uploads\/2024\/07\/16.6.1-768x1152.jpg\" class=\"attachment-medium_large size-medium_large wp-image-113\" alt=\"\" srcset=\"https:\/\/lpcoctel.com\/wp-content\/uploads\/2024\/07\/16.6.1-768x1152.jpg 768w, https:\/\/lpcoctel.com\/wp-content\/uploads\/2024\/07\/16.6.1-200x300.jpg 200w, https:\/\/lpcoctel.com\/wp-content\/uploads\/2024\/07\/16.6.1-683x1024.jpg 683w, https:\/\/lpcoctel.com\/wp-content\/uploads\/2024\/07\/16.6.1-1024x1536.jpg 1024w, https:\/\/lpcoctel.com\/wp-content\/uploads\/2024\/07\/16.6.1-1365x2048.jpg 1365w, https:\/\/lpcoctel.com\/wp-content\/uploads\/2024\/07\/16.6.1-scaled.jpg 1707w\" sizes=\"(max-width: 768px) 100vw, 768px\" \/>\t\t\t\t\t\t\t\t\t\t\t\t\t\t\t<\/div>\n\t\t\t\t<\/div>\n\t\t\t\t<div class=\"elementor-element elementor-element-b3cfc5c elementor-widget__width-initial elementor-widget elementor-widget-image\" data-id=\"b3cfc5c\" data-element_type=\"widget\" data-widget_type=\"image.default\">\n\t\t\t\t<div class=\"elementor-widget-container\">\n\t\t\t\t\t\t\t\t\t\t\t\t\t\t\t<img loading=\"lazy\" decoding=\"async\" width=\"768\" height=\"1152\" src=\"https:\/\/lpcoctel.com\/wp-content\/uploads\/2024\/07\/11.3-768x1152.jpg\" class=\"attachment-medium_large size-medium_large wp-image-111\" alt=\"\" srcset=\"https:\/\/lpcoctel.com\/wp-content\/uploads\/2024\/07\/11.3-768x1152.jpg 768w, https:\/\/lpcoctel.com\/wp-content\/uploads\/2024\/07\/11.3-200x300.jpg 200w, https:\/\/lpcoctel.com\/wp-content\/uploads\/2024\/07\/11.3-683x1024.jpg 683w, https:\/\/lpcoctel.com\/wp-content\/uploads\/2024\/07\/11.3-1024x1536.jpg 1024w, https:\/\/lpcoctel.com\/wp-content\/uploads\/2024\/07\/11.3-1365x2048.jpg 1365w, https:\/\/lpcoctel.com\/wp-content\/uploads\/2024\/07\/11.3-scaled.jpg 1707w\" sizes=\"(max-width: 768px) 100vw, 768px\" \/>\t\t\t\t\t\t\t\t\t\t\t\t\t\t\t<\/div>\n\t\t\t\t<\/div>\n\t\t\t\t<div class=\"elementor-element elementor-element-fb364b5 elementor-widget__width-initial elementor-widget-mobile__width-inherit elementor-widget elementor-widget-image\" data-id=\"fb364b5\" data-element_type=\"widget\" data-widget_type=\"image.default\">\n\t\t\t\t<div class=\"elementor-widget-container\">\n\t\t\t\t\t\t\t\t\t\t\t\t\t\t\t<img loading=\"lazy\" decoding=\"async\" width=\"768\" height=\"1152\" src=\"https:\/\/lpcoctel.com\/wp-content\/uploads\/2024\/07\/13.7-768x1152.jpg\" class=\"attachment-medium_large size-medium_large wp-image-112\" alt=\"\" srcset=\"https:\/\/lpcoctel.com\/wp-content\/uploads\/2024\/07\/13.7-768x1152.jpg 768w, https:\/\/lpcoctel.com\/wp-content\/uploads\/2024\/07\/13.7-200x300.jpg 200w, https:\/\/lpcoctel.com\/wp-content\/uploads\/2024\/07\/13.7-683x1024.jpg 683w, https:\/\/lpcoctel.com\/wp-content\/uploads\/2024\/07\/13.7-1024x1536.jpg 1024w, https:\/\/lpcoctel.com\/wp-content\/uploads\/2024\/07\/13.7-1365x2048.jpg 1365w, https:\/\/lpcoctel.com\/wp-content\/uploads\/2024\/07\/13.7-scaled.jpg 1707w\" sizes=\"(max-width: 768px) 100vw, 768px\" \/>\t\t\t\t\t\t\t\t\t\t\t\t\t\t\t<\/div>\n\t\t\t\t<\/div>\n\t\t\t\t<\/div>\n\t\t\t\t\t<\/div>\n\t\t\t\t<\/div>\n\t\t\t\t<\/div>\n\t\t","protected":false},"excerpt":{"rendered":"<p>L.P. Coctel En el a\u00f1o 2021 Riffuz Navarro, firma con Alternativa Representa y lanza su nuevo proyecto de estudio paralelo a su larga discograf\u00eda como solista, este es de covers y temas originales con un concepto totalmente novedoso llamado\u00a0L.P. Coctel\u00a0donde fusiona g\u00e9neros como el pop, funk, soft jazz y rock. En dicho proyecto han participado [&hellip;]<\/p>\n","protected":false},"author":1,"featured_media":0,"parent":0,"menu_order":0,"comment_status":"closed","ping_status":"closed","template":"elementor_header_footer","meta":{"footnotes":""},"class_list":["post-27","page","type-page","status-publish","hentry"],"_links":{"self":[{"href":"https:\/\/lpcoctel.com\/index.php\/wp-json\/wp\/v2\/pages\/27","targetHints":{"allow":["GET"]}}],"collection":[{"href":"https:\/\/lpcoctel.com\/index.php\/wp-json\/wp\/v2\/pages"}],"about":[{"href":"https:\/\/lpcoctel.com\/index.php\/wp-json\/wp\/v2\/types\/page"}],"author":[{"embeddable":true,"href":"https:\/\/lpcoctel.com\/index.php\/wp-json\/wp\/v2\/users\/1"}],"replies":[{"embeddable":true,"href":"https:\/\/lpcoctel.com\/index.php\/wp-json\/wp\/v2\/comments?post=27"}],"version-history":[{"count":37,"href":"https:\/\/lpcoctel.com\/index.php\/wp-json\/wp\/v2\/pages\/27\/revisions"}],"predecessor-version":[{"id":338,"href":"https:\/\/lpcoctel.com\/index.php\/wp-json\/wp\/v2\/pages\/27\/revisions\/338"}],"wp:attachment":[{"href":"https:\/\/lpcoctel.com\/index.php\/wp-json\/wp\/v2\/media?parent=27"}],"curies":[{"name":"wp","href":"https:\/\/api.w.org\/{rel}","templated":true}]}}